uppose -4*t - 12 = -6*l + 2*l, 3*l - 4*t - 10 = 0. Let j(c) = -2 + 57*c + 52*c - 116*c + c**l. Give j(6).
-8
Let n(c) be the first derivative of c**4/4 + c**3/3 - 6*c - 2. Let t(i) = 6*i - 24. Let h be t(4). Determine n(h).
-6
Let j(v) = v**2 - 3. Let q be j(-3). Suppose -5*l = l - q. Let s be (l - 3) + 2/(-1). Let u(w) = -w**3 - 6*w**2 - 5*w. Calculate u(s).
-12
Let j(t) be the first derivative of t**3/3 - t**2/2 + 2*t + 20. Let q(i) = i**2 - i + 1. Let c(a) = 2*j(a) - 3*q(a). What is c(2)?
-1
Let d = -233 - -242. Let p(l) = -2*l + 5. What is p(d)?
-13
Let v(b) = b**3 - b**2 - 2*b - 1. Let n = -63 + 53. Let l(z) = -z**3 - 12*z**2 - 19*z + 9. Let c be l(n). Determine v(c).
-1
Let a(l) = -2*l**2 - 7*l - 2. Let d(p) = p**2 + 4*p - 2. Let x be d(-8). Suppose -3*z + x = -9*z. What is a(z)?
-17
Let m be ((-25)/(-3))/((-225)/(-270)). Let j(u) = u + 11. What is j(m)?
21
Let x(b) = 3*b - 5. Let a(m) = m - 1. Let n(q) = -2*a(q) + x(q). Determine n(4).
1
Suppose 2*i + 2 - 18 = 0. Let a(y) = 7*y**3 - 2*y - 6*y**3 + 9 - i*y**2 + 6*y. What is a(7)?
-12
Let o(u) be the first derivative of 13*u**2/2 - u + 57. Give o(4).
51
Let b(z) = -3*z. Suppose -7*h - 18 = -4. Give b(h).
6
Let a(o) = o**2 + 10*o + 2. Suppose 0 = -2*y + 3*c - 23, 10 - 2 = -2*y - 2*c. Let x be a(y). Let k = -16 - x. Let t(f) = 2*f + 3. Determine t(k).
9
Let i(k) = -k**3 - 3*k**2 + 8*k - 11. Let j(x) = -x**3 - 4*x**2 + 8*x - 10. Let c(r) = -4*i(r) + 5*j(r). What is c(-9)?
3
Let i = -6 + 4. Let t be -6*(-3 + (0 - i)). Let r(a) be the third derivative of a**5/60 - a**4/4 + 4*a**3/3 + 20*a**2 + 9. What is r(t)?
8
Let j(q) be the second derivative of -q**3/6 - q**2/2 + q. Let x(s) = -72*s + 2*s**3 - 73*s - 4*s**2 + 2 + 137*s. Let u be x(3). What is j(u)?
3
Let j(b) be the second derivative of -1/2*b**5 + 0 - 2*b + 1/6*b**3 + 0*b**2 + 1/12*b**4. Let z be 156/(-260) - 2/5. Calculate j(z).
10
Let n(w) = -w**2 + w - 11. Suppose -7*t - 6 = -13*t. Suppose -6 - 2 = -4*y. Let v be -4 - ((-6)/t + y). Determine n(v).
-11
Let k(g) = 5*g + 8. Let c(i) = -6*i - 10. Let f(l) = 4*c(l) + 5*k(l). Let t(d) = -d - 4. Let u be t(-4). Determine f(u).
0
Suppose -50 = -9*y + 31. Let l = 6 - y. Let s(n) = n**3 - 4*n - 2. Give s(l).
-17
Suppose 3*z + 14 = -22. Let q be 6/z + (-2)/4. Let s(p) be the first derivative of -p**3/3 - p + 2. Determine s(q).
-2
Suppose -13 - 152 = 33*n. Let l be (2 - 2)/(1 + -3). Let p(x) = 3*x + l*x + x**2 + x. Calculate p(n).
5
Let r(g) = g**3 - 13*g**2 + g. Let t be (-1235)/(-91) - 20/35. Calculate r(t).
13
Let t(a) be the first derivative of -a**4/12 - a**3/6 + 2*a**2 + 20*a + 23. Let h(x) be the first derivative of t(x). Give h(0).
4
Suppose -4*n - 7 + 15 = 0. Let s(v) = 4 + n*v**2 - 2 - 27*v**3 + 28*v**3. Suppose 3*f + f + 8 = 0. What is s(f)?
2
Suppose -4*d + 27 = 5*d. Let v(q) = d*q - 7*q**2 - 11*q**2 - 2 + 18*q**2 - q**3. Suppose 5*g = 4*i + 6, -i - 2*i = -3. What is v(g)?
-4
Let l(m) = 2*m**2 + m. Let y(c) = 3*c**2 + c. Let o(z) = 4*l(z) - 3*y(z). Calculate o(4).
-12
Let c(u) = 12 + 8 - 5 + u + u. Determine c(-12).
-9
Suppose 0 = -l + 3*q - 6, 0 = -2*l + 6*l - 5*q + 10. Let f(z) = 8 + z**2 + l + 0*z**2 + 3*z**3 - 9. Give f(-1).
-3
Let g be ((-1 - -1)*-1)/1. Suppose 0 = 4*x - 8 - g. Let w(l) = -2*l**2 - l**3 + x - 3*l + 3*l + 2*l - 3*l. What is w(-2)?
4
Suppose i = 2*i - 3. Suppose -3*g + 4 = 2*c, -7*c + 11*c - 2*g - 8 = 0. Let u(h) = 3*h - i*h - c*h + h. Give u(6).
-6
Let o(u) = u**3 - u**2. Let w(s) = 2*s + 2. Let d be w(0). Let j be 25 - (-2 + d + 4). Let a = j - 22. Determine o(a).
-2
Suppose -32*r - 3 = -35*r. Let y(k) = 8*k**2 - 1. Determine y(r).
7
Let r be 5/25 - 96/(-20). Let k(u) = 4*u**3 - 31*u**2 - 18*u + 23. Let l(q) = 3*q**3 - 21*q**2 - 12*q + 15. Let x(v) = r*k(v) - 7*l(v). What is x(-7)?
3
Let o = 340 + -341. Let k(b) = -b**2 + b. Let c(q) = -17*q**2 + 5*q. Let v(w) = -c(w) + 4*k(w). Give v(o).
14
Let o(x) = -2*x**2 + x + 6. Let c be (45/18)/(15/(-12)). What is o(c)?
-4
Let s(g) be the second derivative of g**8/6720 + g**6/720 - g**5/120 + 5*g**4/12 + 35*g. Let b(i) be the third derivative of s(i). Give b(2).
9
Let y(t) = 2*t - 2. Let a(l) be the second derivative of l**3/3 - l**2/2 + 25*l. Let o(j) = 7*a(j) - 6*y(j). Calculate o(-7).
-9
Let a(p) = p**2 + 3*p - 1. Let t = 83 - 37. Let h = t + -17. Let m = 25 - h. What is a(m)?
3
Let d(t) = 12*t**2 - 4*t + 6 - 18*t**2 - 3*t + 7*t**2. Determine d(5).
-4
Let k(h) = 3*h. Let g(q) be the first derivative of 3*q**2/2 + 22*q + 42. Let s be g(-7). Give k(s).
3
Let a be -10*(1 + 3/(-2)). Let n(x) = 16*x**3 + 2*x**2 - 2*x - 1. Let i be n(2). Let r(w) = w + i - 263 + 128. What is r(a)?
1
Let h(b) = -5*b + 7. Let a be (-2)/4*(-4 - -68)/4. Let z be (a - -10) + (1 - -3). Determine h(z).
-23
Let t(f) = 13. Let o(i) = i + 65. Let w(g) = 2*o(g) - 11*t(g). Let a be w(9). Let d(s) = s**3 - 4*s**2 - 5*s + 7. Give d(a).
7
Let m(o) = -o**2 - 13*o - 16. Suppose -4*f + 16*n - 28 = 20*n, 5*n - 49 = 2*f. What is m(f)?
-4
Let u(y) be the second derivative of -5*y - 1/3*y**3 + 0 - 1/2*y**2 + 1/20*y**5 + 1/12*y**4. What is u(2)?
7
Let z(i) = -i - 9. Let y be ((-77)/(-21) - 3)/(3/(-9)). Give z(y).
-7
Let g be 12/9*-3 + 7. Suppose 0 = 4*t + g*n - 15, -1 + 0 = -n. Let p(b) = -5*b + 3. Give p(t).
-12
Let f be (-2)/(-10)*180/24*6. Let k(w) = -w**2 + 7*w + 5. What is k(f)?
-13
Let o(y) be the second derivative of y**7/180 - y**5/120 - y**4/12 + 2*y. Let g(r) be the third derivative of o(r). Calculate g(1).
13
Suppose -3*z = 5*g - 0 - 6, 0 = 3*z - 3*g - 30. Let k(p) = -8 + 3*p + 3 + z + 5. Give k(5).
22
Let i = -393 - -391. Let v(d) be the third derivative of -d**6/120 - d**5/30 - d**4/12 - d**3/2 - 2*d**2. Calculate v(i).
1
Let j be (-11)/((-264)/(-54)) + 4/16. Let f(p) = -7*p + 1. Determine f(j).
15
Let q(s) = -641 - 645 + 1290 + 11*s. Give q(-4).
-40
Let j = -21 + 23. Suppose j*n - 5 - 3 = 0. Let a(z) = 2*z**3 + 4*z**2 - z - 3. Let l(k) = k**3. Let q(m) = -a(m) + 3*l(m). Give q(n).
7
Let t = 11 - 6. Let z(l) be the first derivative of 1/2*l**2 - l + 42. Give z(t).
4
Let x(o) = -o**2 + o. Suppose m + q = -5, -5 = -5*m + 4*q - 3. Let n be ((-3)/m)/((-24)/352). Let y = -23 - n. What is x(y)?
-2
Let n(p) = 3*p**2 + 25*p + 1. Let f be n(-8). Let s(g) = g**2 + 7*g - 5. What is s(f)?
-5
Let n(x) = -4*x - 27. Let i be n(-8). Let k(r) = -3*r**2 + 3*r - 2. Let m(t) = -4*t**2 + 4*t - 2. Let c(q) = i*k(q) - 4*m(q). Determine c(0).
-2
Let g(o) = -29 - 5*o - 23 - 4*o + 47 - o**3 + 6*o**2 + 2*o**2. Determine g(7).
-19
Let u(r) be the second derivative of 7*r**3/6 - 5*r**2/2 - 9*r. Let m(i) = -4*i + 3. Let k(w) = -5*m(w) - 3*u(w). What is k(1)?
-1
Let b(k) be the third derivative of -k**5/60 + k**4/24 - k**3/6 + 2*k**2. Let g = 2 + -5. Determine b(g).
-13
Let n(j) = -4761 - 4767 + 9525 - 2*j. Let m = 5 + -8. Calculate n(m).
3
Let q(a) = 4*a + 3. Suppose -4*s - 3*p + 19 = -0*s, -3*p = 2*s - 5. Determine q(s).
31
Let f(l) be the first derivative of l**4 - l**3 + l**2/2 + l + 226. Determine f(1).
3
Suppose 40 - 36 = 4*z. Let n(t) = -14*t + 10*t + t**2 + 12*t + z. Give n(-7).
-6
Let y(t) be the second derivative of -5*t**4/12 + 2*t**3 + 2*t**2 - 39*t. Let l(j) = -j**2 + 3*j + 1. Let w(n) = 9*l(n) - 2*y(n). Determine w(-3).
1
Let v(c) = c - 1. Suppose 0 = 3*x + 2*k - 168, -112 = -x - x - 2*k. Suppose 9*g - x = g. What is v(g)?
6
Let y(a) be the third derivative of 0*a - 5/8*a**4 + 0*a**3 - 12*a**2 - 1/360*a**6 + 0 + 0*a**5. Let d(s) be the second derivative of y(s). Give d(-2).
4
Let y(t) be the second derivative of -t**4/12 - t**3 + 11*t**2/2 - 3*t. Let h be y(-7). Let u(g) = g**3 - 2*g - g - h*g**2 - 5 - 2*g. Determine u(5).
-5
Let f(o) = o**2 + 4*o + 14. Let q(c) = -c + 1. Let p(d) = -f(d) - 5*q(d). Suppose 2*r - 11 = 1. Let m be 0*(21/r + -3). Calculate p(m).
-19
Suppose 3 + 1 = 4*z. Let b(n) be the second derivative of n**6/120 + n**5/120 - n**4/24 + 2*n**3/3 - n. Let o(t) be the second derivative of b(t). Give o(z).
3
Suppose z = -2*z + 12. Suppose -2*b = a - 2, 0 = -z*b + 2*b + a + 10. Let f(w) = -3 + 2*w + w - w - 4*w + w**2. What is f(b)?
0
Let y(p) = -p**3 + 7*p**2 - 7*p + 9. Let v = 53 + -49. Suppose -2*j - 3*z + 42 = 3*j, 4 = -2*j + v*z. Calculate y(j).
3
Let k(g) = -g**2 + 2*g - 6. Let w be k(5). Let l be (-12)/(-7) + (-6)/w. Let p(c) = -2*c**3 + 2*c**2 +